{"id":567,"date":"2017-03-03T12:38:22","date_gmt":"2017-03-03T10:38:22","guid":{"rendered":"http:\/\/me-projektsteuerung.de\/wordpress\/?page_id=567"},"modified":"2017-06-23T11:11:53","modified_gmt":"2017-06-23T09:11:53","slug":"partner","status":"publish","type":"page","link":"https:\/\/me-projektsteuerung.de\/wordpress\/partner\/","title":{"rendered":"Partner"},"content":{"rendered":"<h4>gewerbliche Bauherren<\/h4>\n<ul>\n<li>MTI GmbH, Troisdorf<\/li>\n<li>DICO GmbH, Troisdorf<\/li>\n<li>B\u00fccher Wohnbau GmbH &amp; Co. KG, Troisdorf<\/li>\n<li>Blumen N\u00f6then, Niederkassel<\/li>\n<li>Ariston Real Estate AG, M\u00fcnchen<\/li>\n<li>Trimborn S\u00f6hne GmbH, Bad Honnef<\/li>\n<\/ul>\n<h4>gewerbliche Mieter in den von uns errichteten Objekten<\/h4>\n<ul>\n<li>Burger King GmbH<\/li>\n<li>Auto-Teile-Unger Handels GmbH &amp; Co. KG<\/li>\n<li>KANtherm GmbH<\/li>\n<li>meetago GmbH<\/li>\n<li>agheera<\/li>\n<li>Deutsche Verm\u00f6gensberatung Aktiengesellschaft \u00b7 DVAG<\/li>\n<li>Breidenbach Kurth und Partner Steuerberater Partnerschaftsgesellschaft<\/li>\n<\/ul>\n","protected":false},"excerpt":{"rendered":"<p>gewerbliche Bauherren MTI GmbH, Troisdorf DICO GmbH, Troisdorf B\u00fccher Wohnbau GmbH &amp; Co. KG, Troisdorf Blumen N\u00f6then, Niederkassel Ariston Real Estate AG, M\u00fcnchen Trimborn S\u00f6hne GmbH, Bad Honnef gewerbliche Mieter in den von uns errichteten Objekten Burger King GmbH Auto-Teile-Unger Handels GmbH &amp; Co. KG KANtherm GmbH meetago GmbH agheera Deutsche Verm\u00f6gensberatung Aktiengesellschaft \u00b7 DVAG [&hellip;]<\/p>\n","protected":false},"author":1,"featured_media":0,"parent":0,"menu_order":0,"comment_status":"closed","ping_status":"closed","template":"","meta":[],"_links":{"self":[{"href":"https:\/\/me-projektsteuerung.de\/wordpress\/wp-json\/wp\/v2\/pages\/567"}],"collection":[{"href":"https:\/\/me-projektsteuerung.de\/wordpress\/wp-json\/wp\/v2\/pages"}],"about":[{"href":"https:\/\/me-projektsteuerung.de\/wordpress\/wp-json\/wp\/v2\/types\/page"}],"author":[{"embeddable":true,"href":"https:\/\/me-projektsteuerung.de\/wordpress\/wp-json\/wp\/v2\/users\/1"}],"replies":[{"embeddable":true,"href":"https:\/\/me-projektsteuerung.de\/wordpress\/wp-json\/wp\/v2\/comments?post=567"}],"version-history":[{"count":4,"href":"https:\/\/me-projektsteuerung.de\/wordpress\/wp-json\/wp\/v2\/pages\/567\/revisions"}],"predecessor-version":[{"id":817,"href":"https:\/\/me-projektsteuerung.de\/wordpress\/wp-json\/wp\/v2\/pages\/567\/revisions\/817"}],"wp:attachment":[{"href":"https:\/\/me-projektsteuerung.de\/wordpress\/wp-json\/wp\/v2\/media?parent=567"}],"curies":[{"name":"wp","href":"https:\/\/api.w.org\/{rel}","templated":true}]}}