{"id":807,"date":"2017-04-13T17:37:51","date_gmt":"2017-04-13T15:37:51","guid":{"rendered":"http:\/\/me-projektsteuerung.de\/wordpress\/?page_id=807"},"modified":"2023-04-18T15:59:16","modified_gmt":"2023-04-18T13:59:16","slug":"karriere","status":"publish","type":"page","link":"https:\/\/me-projektsteuerung.de\/wordpress\/karriere\/","title":{"rendered":"Karriere"},"content":{"rendered":"<div class=\"su-row\">\n<div class=\"su-column su-column-size-1-2\"><div class=\"su-column-inner su-u-clearfix su-u-trim\">\n<div class=\"su-box su-box-style-default\" id=\"\" style=\"border-color:#cccccc;border-radius:0px;\"><div class=\"su-box-title\" style=\"background-color:#fff;color:#5a5a5a;border-top-left-radius:0px;border-top-right-radius:0px\">Mitarbeit f\u00fcr die Planung gesucht! (m\/w\/d)<\/div><div class=\"su-box-content su-u-clearfix su-u-trim\" style=\"border-bottom-left-radius:0px;border-bottom-right-radius:0px\">\n<p>Wir suchen zur Verst\u00e4rkung unseres Teams eine\/n Bautechniker\/in, eine\/n Bauingenieur\/in oder eine\/n Architekt\/in zum schnellstm\u00f6glichen Zeitpunkt.<\/p>\n<p>Ihr Aufgabenfeld umfasst schwerpunktm\u00e4\u00dfig die Bearbeitung der Leistungsphasen 1 &#8211; 6. Praktische Berufserfahrung bzw. eine vorherige Ausbildung in einem handwerklichen Beruf oder als Bauzeichner\/in ist w\u00fcnschenswert. Sie m\u00f6chten selbstst\u00e4ndig und verantwortungsbewusst in einem Team arbeiten und verf\u00fcgen \u00fcber Kenntnisse der g\u00e4ngigen Office-Software (Word, Excel, MS-Projekt). Wir arbeiten mit den Zeichenprogrammen Nemetschek, ARCHICAD 26 und Photoshop sowie der Ausschreibungssoftware ASBwin 21.0.<\/p>\n<p>Wir bieten Ihnen ein angenehmes Arbeitsumfeld mit einem unbefristeten Arbeitsvertrag, einen modernen Arbeitsplatz, spannende Projekte und eine teamorientierte Arbeitsweise in der Sie sich fachlich und pers\u00f6nlich weiterentwickeln k\u00f6nnen. Die Stelle kann in Voll- oder Teilzeit (ggf. teils Homeoffice) besetzt werden.<\/p>\n<p>Wir freuen uns auf Ihre schriftliche Bewerbung mit den \u00fcblichen Unterlagen (gerne per Mail bewerbung@mebauen.de) unter Angabe des m\u00f6glichen Eintrittstermins.<\/p>\n<\/div><\/div>\n<\/div><\/div>\n<\/div>\n","protected":false},"excerpt":{"rendered":"","protected":false},"author":1,"featured_media":0,"parent":0,"menu_order":0,"comment_status":"closed","ping_status":"closed","template":"","meta":[],"_links":{"self":[{"href":"https:\/\/me-projektsteuerung.de\/wordpress\/wp-json\/wp\/v2\/pages\/807"}],"collection":[{"href":"https:\/\/me-projektsteuerung.de\/wordpress\/wp-json\/wp\/v2\/pages"}],"about":[{"href":"https:\/\/me-projektsteuerung.de\/wordpress\/wp-json\/wp\/v2\/types\/page"}],"author":[{"embeddable":true,"href":"https:\/\/me-projektsteuerung.de\/wordpress\/wp-json\/wp\/v2\/users\/1"}],"replies":[{"embeddable":true,"href":"https:\/\/me-projektsteuerung.de\/wordpress\/wp-json\/wp\/v2\/comments?post=807"}],"version-history":[{"count":33,"href":"https:\/\/me-projektsteuerung.de\/wordpress\/wp-json\/wp\/v2\/pages\/807\/revisions"}],"predecessor-version":[{"id":1460,"href":"https:\/\/me-projektsteuerung.de\/wordpress\/wp-json\/wp\/v2\/pages\/807\/revisions\/1460"}],"wp:attachment":[{"href":"https:\/\/me-projektsteuerung.de\/wordpress\/wp-json\/wp\/v2\/media?parent=807"}],"curies":[{"name":"wp","href":"https:\/\/api.w.org\/{rel}","templated":true}]}}